/3 + 3*l**2 - 5*l + 6. Calculate the remainder when 28 is divided by w(-8).
6
Suppose l - 416 = -7*l. What is the remainder when l is divided by 28?
24
Suppose -416 = -8*j - 0*j. Calculate the remainder when j is divided by 11.
8
Let t be 1/((-2 - 1)/(-129)). Let c = -24 + t. Let o = 185 - 129. Calculate the remainder when o is divided by c.
18
Suppose m - 3 = 3. Let q = m - 1. Calculate the remainder when q is divided by (-6)/((-3)/((-15)/(-6) + -1)).
2
Let s(c) = -c + 2. Let i be s(-2). What is the remainder when 1 is divided by 7/i - 3/4?
0
What is the remainder when 2 + 121 - 0/12 is divided by 14?
11
Suppose -5*o + 4*v = -o - 64, -5*o = -3*v - 80. Suppose -90 = -21*m + o*m. Calculate the remainder when m is divided by 10.
8
Let x(v) = -v**2 + 12*v - 2. Calculate the remainder when x(10) is divided by 5.
3
Let h = -17 - -23. What is the remainder when 9 is divided by h?
3
Let z(j) = j**3 + 2*j**2 - 7*j - 4. Calculate the remainder when 3/(-2)*(0 - 20) is divided by z(-3).
6
Let f(s) = s**3 + 9*s**2 + 5*s - 10. Suppose 130 = 3*z + 2*z. What is the remainder when z is divided by f(-8)?
12
Suppose 5*s = -2*w + 141, -3*w + 57 = 2*s - 2*w. Calculate the remainder when s is divided by 7.
6
Calculate the remainder when 69 is divided by -3 + ((-16)/(-4) - -13).
13
Suppose -17*r - 108 = -26*r. Let d = -54 + 99. What is the remainder when d is divided by r?
9
Let g = -106 + 372. Suppose -4*h + 0*a = 2*a - g, -3*h - a + 200 = 0. Calculate the remainder when h is divided by 23.
21
Let h be (7/(-3))/(2/(-30)). Suppose 0 = -3*y + h + 7. Let o = 66 - 40. What is the remainder when o is divided by y?
12
Suppose p - 2 = -1. What is the remainder when p is divided by 1?
0
Let x = -34 + 72. Calculate the remainder when 73 is divided by x.
35
Suppose -w = l + w - 5, 21 = 3*l + 4*w. Suppose 0 = 2*b - 0*b - 296. Suppose -4*o = 20 - b. Calculate the remainder when o is divided by l.
10
Let p(w) = w**3 - 8*w + 8. What is the remainder when 199 is divided by p(4)?
39
Suppose 0 = 4*c + 148 - 500. What is the remainder when c is divided by 15?
13
Let o = -26 - -60. What is the remainder when 134 is divided by o?
32
Let p = 63 + -42. What is the remainder when 82 is divided by p?
19
Suppose -3*s = -4*s + 12. Suppose 52 = -5*c - 2*m + 156, 2*m = -4*c + 82. What is the remainder when c is divided by s?
10
Let j = 3 + 15. Suppose -6*x + 3*x = -j. What is the remainder when 17 is divided by x?
5
Suppose 2*i = 4*i - 4*u - 2, 0 = -5*i + 4*u + 23. Let a = -42 - -29. What is the remainder when 0 - (a + -1 + 1) is divided by i?
6
Suppose -18*p + 616 = -50. Calculate the remainder when 145 is divided by p.
34
Let r(v) = 12*v**2 - v + 1. Calculate the remainder when (-584)/(-12) + (-20)/12 is divided by r(1).
11
Let j be 2/(-9) + 1166/(-99). Calculate the remainder when 23 is divided by (-8 + 1)*j/14.
5
Let g(t) = -6*t. Let d be g(1). Let x(m) = -2*m - 1. What is the remainder when 32 is divided by x(d)?
10
Let p(n) = -n - 2. Let d be p(-1). Let w(k) = -60*k**3 - 1. What is the remainder when w(d) is divided by 15?
14
Suppose -4*l = d - 0*l - 32, -32 = -d + 3*l. Suppose 11 = -2*g + 3*g. Calculate the remainder when d is divided by g.
10
Let i = 89 - 82. Calculate the remainder when 10 is divided by i.
3
Calculate the remainder when 27 is divided by (-1 - 16/(-2)) + 19/(-19).
3
Let u(b) = -b**2 - 2*b + 7. Let z be u(-5). Let t = -4 - z. Calculate the remainder when 7 is divided by t.
3
Let i = -1 + 6. What is the remainder when i is divided by 4?
1
Suppose -99 = -3*s - 0*f + 3*f, 5*f - 27 = -s. Suppose -4*p + 4*x = -s, 2*x + 34 = -p + 5*p. Let n = 33 + -16. Calculate the remainder when n is divided by p.
8
Let g be (-2)/3 + (-2)/(-3). Suppose g = -5*x + 1 + 19. Calculate the remainder when 7 is divided by x.
3
Let m = 69 + -43. Suppose 4*q = 35 + 1. What is the remainder when m is divided by q?
8
Let b = -16 - -22. Suppose -b*l + 0*l + 186 = 0. What is the remainder when l is divided by 11?
9
Suppose -59 = -4*k - 23. Let s(l) = -l**3 + 5*l**2 + 5. Let d be s(5). Suppose c - d = -0*c. Calculate the remainder when k is divided by c.
4
Suppose 9*d - 4*d = -4*c + 527, -d = -5*c - 88. Calculate the remainder when d is divided by 21.
19
Suppose -25 = -4*q + 3. What is the remainder when 19 is divided by q?
5
Suppose 0*g = -3*g + 6. Let b = 4 - -1. Suppose -4*l - g + 3 = -3*t, b*t - 3 = 2*l. Calculate the remainder when t is divided by 1.
0
Suppose -5*u - 12 = -2*u. Calculate the remainder when 14 is divided by (u*1)/(2/(-4)).
6
Let i(t) = t**3 - 4*t**2 + 4*t - 5. Calculate the remainder when i(4) is divided by ((-12)/(-12))/((-1)/(-4)).
3
Let r = 0 - -16. Suppose 0 = -c + 5*c - r. Calculate the remainder when 10 is divided by c.
2
Let k = -46 - -55. Calculate the remainder when 33 is divided by k.
6
Let o(n) = -2*n**3 - n**2 + 2*n. Let x(h) = -5*h. Suppose -2*w = 10, 4*g - 18 = -3*w - 49. What is the remainder when o(-3) is divided by x(g)?
19
Let z = -2 + 4. Suppose z*w = -4*k + 22, 0 = -k - 0*k - w + 6. Calculate the remainder when k is divided by 4.
1
Suppose 0 = -4*s - 3*y - 0*y + 76, -4*s + 60 = -y. Suppose 4*j - 44 - s = 0. What is the remainder when 58 is divided by j?
13
Suppose 0 = 3*x + k - 2*k - 10, 5*x + 3*k = -2. Let s = 10 + x. Calculate the remainder when s is divided by 5.
2
Suppose 5 = -5*f + 40. Suppose 4*k - 2*p - 135 = -31, -k + 3*p + 31 = 0. Calculate the remainder when k is divided by f.
4
Suppose r = -6 + 3, 4*r = z - 49. What is the remainder when z is divided by (-15)/((6/4)/(-1))?
7
Calculate the remainder when (156/15)/(4/10) is divided by 15.
11
Let i = 38 - 34. Calculate the remainder when 13 is divided by i.
1
Suppose -3*i = -2*w - 369, 5*w + 0*i + 915 = 5*i. Calculate the remainder when 94 is divided by (-5736)/w + 4/30.
30
Let m(g) = -g**3 + 4*g**2 - g + 4. Let o be m(3). Let d = o - 7. Suppose d*r - 61 - 89 = 0. Calculate the remainder when r is divided by 13.
11
Let c = 3 + 19. Let j be (2 + 2)*(-5)/(-4). Suppose -k = -2*t + 15, 0 = -j*t + 4*k + 19 + 17. What is the remainder when c is divided by t?
6
Suppose -2*v = -v - 1. What is the remainder when 38 is divided by v/2*22 + 2?
12
Let c(j) = 5*j. Let q be c(6). Suppose -2*u = 2*z + 2*z - q, -3*u = 4*z - 49. Calculate the remainder when u is divided by 7.
5
Calculate the remainder when 30 is divided by ((-4)/(-5))/((-2)/(-20)).
6
Suppose 0 = -f + 6*f - 35. What is the remainder when 19 is divided by f?
5
Let a be (-3 + 0)*4/6. Let f be a/4 - (-60)/8. Let o = f + -1. What is the remainder when 10 is divided by o?
4
Let q = -32 + 60. Let h = q - 15. Let s(n) = -n**3 - 5*n**2 + 5*n - 12. What is the remainder when s(-7) is divided by h?
12
Let o(v) = v**3 + 11*v**2 + 11*v - 6. Let r be o(-8). Suppose -r = -s - s. Calculate the remainder when s is divided by 13.
10
Let a(p) = -p**3 + 7*p**2 + p - 4. Let n be a(6). Suppose -3*g + n = b, b + 22 = 3*g + 6*b. Calculate the remainder when 25 is divided by g.
11
Suppose 34*c + 165 = 39*c. What is the remainder when c is divided by 19?
14
Suppose 5*p - 4*t - 16 = 0, -t - 20 = -2*p + 4*t. Suppose p = -3*c + 4*c - 2. Suppose c*f = 3*f - 3. Calculate the remainder when f is divided by 2.
1
Let i(n) = n + 4. Let h be i(5). Let d = -5 - -1. Let z = d + h. Calculate the remainder when 8 is divided by z.
3
Let p be (4/(-7))/(2/(-7)). Let n(i) = 6*i - 2. Calculate the remainder when 29 is divided by n(p).
9
Suppose 0 = u - 3*k + 4*k - 56, u - k - 64 = 0. What is the remainder when u is divided by 31?
29
Suppose 2*j + j - 9 = 0. Suppose -j*u + 29 = 4*k, 4*u + 0*k - k = 45. What is the remainder when 31 is divided by u?
9
Suppose -2*f + 2 = -r + 1, 2 = r - f. Suppose y - 2 - r = 0. Let i = -325 + 343. Calculate the remainder when i is divided by y.
4
Suppose 3*n = 2*n. Suppose q - 11 + 4 = n. Calculate the remainder when q is divided by 5.
2
What is the remainder when (-12)/9*-3 + 115 is divided by 30?
29
Suppose -w = 4*w - 10. Suppose 0 = 2*g - 4*g - 6. Let q = w - g. Calculate the remainder when q is divided by 2.
1
Let j(v) = -v + 4. Let q be j(4). Suppose -w = -q - 1. What is the remainder when 1 is divided by w?
0
Suppose -4*s = -20 - 4. Suppose -3*b = -s*b - 9. Calculate the remainder when 22 is divided by (-4)/(-6) - 34/b.
10
Suppose 0*u + 132 = 2*u. Let q(d) 